et j be 0/(((-140)/12)/7*(-18)/15). Determine l(j).
-19
Let h(x) = -14*x + 34*x - 14*x - 10 - 9*x. Suppose 13*d + 18*d + 248 = 0. Calculate h(d).
14
Suppose -7 = -4*d + 5. Let t(y) = -d*y**3 + 3*y - 6 + 0*y**2 + 4*y**2 + 2*y**3. Let j(h) = -h**3 - 3*h**2 + 53*h + 10. Let b be j(6). Calculate t(b).
6
Let l = 0 - 0. Let g(v) = 7*v - 18. Let q(a) = a - 11. Let u be q(5). Let z(k) = 8*k - 19. Let o(i) = u*z(i) + 7*g(i). Calculate o(l).
-12
Let g(u) = 12*u - 10. Let w be ((-56)/20)/(1 - (-221)/(-130)). Give g(w).
38
Let w(f) = -9*f**2 + 81*f + 1. Suppose 13 = -3*h + 5*l + 45, -3*h = -l - 28. Let y be w(h). Let t(n) = 2*n**3 + 3*n - 2. Calculate t(y).
3
Let d = 349 + -342. Let s(t) = -d*t + 10 + 2*t + t + 3*t. What is s(0)?
10
Let a(u) = 18*u - 455. Suppose -5*n = 2*l - 137, -199*l + 49 = n - 195*l. Determine a(n).
-5
Let a(m) be the second derivative of m**4/12 + m**2/2 + 2*m - 5. What is a(0)?
1
Let l(k) = -29*k - 105. Let w(r) = 18*r + 67. Let g(d) = 5*l(d) + 8*w(d). Determine g(11).
0
Let n(a) = 4*a - 5*a + 0*a - 184*a**3 - 8*a**2 + 0*a + 18 + 183*a**3. What is n(-8)?
26
Let d(g) be the second derivative of -g**5/20 - g**4/2 + 8*g**3/3 - 9*g**2/2 + g + 560. Calculate d(-8).
-9
Let y(v) be the third derivative of -v**4/8 + v**3/3 + 1491*v**2. Let x(g) = -2*g - 6. Let c be x(-4). Give y(c).
-4
Let q(v) = -v**3 + 146*v**2 + 31*v + 73. Let b(g) = 4*g**3 - 602*g**2 - 123*g - 291. Let w(f) = 6*b(f) + 25*q(f). Give w(39).
1
Let m(c) = -19*c + 80. Let k(t) = 118*t - 475. Let l(f) = -4*k(f) - 26*m(f). Determine l(8).
-4
Suppose -35*h + h = -102. Let u(l) = -6*l + 18. Give u(h).
0
Suppose -40*w + 10 + 254 = 48*w. Let p(m) = m**2 - 2*m. Determine p(w).
3
Let r(f) = -f**3 + 11*f**2 + 2*f - 124. Let b(w) = 3*w**2 - 536*w - 1074. Let v be b(-2). Give r(v).
-4
Let j be -2*89/2 - (-3 + 2). Let x = j - -176. Let w = x - 81. Let s(d) = d**3 - 8*d**2 + 7*d - 3. Give s(w).
-3
Let o(c) = 4 - 6 + 0 - 3*c. Suppose 12*d = 25 + 23. Suppose 1 = 2*t + i + 12, -i + 37 = -d*t. Determine o(t).
22
Let b be (4/(-3))/((-2)/12). Let p(w) be the second derivative of 14*w + 0 - 1/6*w**3 + 3*w**2. What is p(b)?
-2
Suppose -i - 3 = h, -6 = h - 2*i + 6*i. Let v = 53 + -48. Let a = v - h. Let r(k) = k - 8. What is r(a)?
-1
Let g(p) be the third derivative of 11*p**4/24 - 29*p**3/3 - 1410*p**2. Calculate g(8).
30
Let a(n) = -195*n + n**2 + 7 + 5*n**2 + 379*n - 189*n. Determine a(3).
46
Let s(m) = 332*m + 1657. Let g be s(-5). Let i(l) = 4*l**2 + 3*l - 7. Calculate i(g).
20
Let k(f) = -f - 7. Let s(n) = n**2 - n + 2. Suppose 3*r = -2*r + 20, -3*l - 10 = -r. Let t(m) = l*s(m) - k(m). What is t(4)?
-17
Let o(n) = -n**3 + 19*n + 8*n**2 + 0*n**2 + 11*n**2 + 26. Let q be o(20). Let u be q/5 - 2/10. Let t(x) = x**3 - x**2 - 2*x + 1. Give t(u).
-1
Let x(u) be the second derivative of -u**3/2 - 3*u**2/2 - 4*u - 14. Give x(-10).
27
Let r = 7159 + -7183. Let z(a) = a + 21. Determine z(r).
-3
Suppose 11 = 5*z + 1. Let i be ((-68)/(-272))/(2/24). Suppose -i*x = 5*c - 19, 2*x - 10 + z = -c. Let h(l) = l**3 + 2*l**2 + l - 2. Give h(c).
16
Let i(m) = -8*m + 47. Let a be ((-54)/(-12))/(3/4). Let h be i(a). Let j(f) = 13*f**3 - f**2 - f. Calculate j(h).
-13
Suppose f - 1581 = 4*g, 10*f - 9*f + 1571 = -4*g. Let x = -388 - g. Let d(n) = -n**3 + 7*n**2 - 4*n - 13. Give d(x).
-1
Let h(t) = 35 - 10*t**2 - 4*t**2 + 12*t**2. Determine h(-4).
3
Let i(u) be the second derivative of u**4/8 - u**3/6 + 3*u**2 + u. Let h(r) be the first derivative of i(r). Let z be 6 - ((3 - -1) + 3). Determine h(z).
-4
Let l be 15 - (-16 - (-9 + -20)). Let m(a) = -24*a + 6. Determine m(l).
-42
Let i(r) = 3*r**3 - 14*r**2 - 18. Let x be (-4)/(-16) - (-874)/184. Determine i(x).
7
Let v be 8 - 6/96*124. Let w(x) be the first derivative of 7/2*x**2 + 3*x + v*x**4 - 7/3*x**3 - 11. Give w(6).
9
Suppose 9*z - 60 = -6*z. Let i(r) = -7*r**2 - 4*r + 3. Let v(a) = -5*a**2 - 4*a + 3. Let o(x) = 3*i(x) - 4*v(x). Give o(z).
-3
Let a(x) = -x**2 + 6*x + 5. Let b(r) = 20*r + 8. Let f be b(-6). Let j = 118 + f. What is a(j)?
5
Let n be (95/15)/(25/75) - (-12)/2. Let i(y) = -y**3 + 25*y**2 + 15. Determine i(n).
15
Let b = 6 + -12. Let t(n) be the second derivative of -n**5/20 - 7*n**4/12 - 5*n**3/6 - n**2 + 39*n. Give t(b).
-8
Let j(c) = c**2 + 18*c - 4. Suppose -3*t = -0*t + 5*g + 72, -4*g - 88 = 4*t. What is j(t)?
15
Let x be 9/(-5) + 1 - 159/(-5). Suppose -x = -4*f + 5*w, 2*f + 4*w = -f. Let h(p) = p**2 - 15*p**2 - 2*p - 3 + 0 + f. What is h(1)?
-15
Let j(p) = -p**3 + 20*p**2 + 70*p - 21. Let t be j(23). Let m(b) = -b - 390 + t*b + 381 - b**2. Calculate m(0).
-9
Let j(c) be the second derivative of 19*c**3/6 - 7*c**2/2 - 546*c. Give j(6).
107
Let v(g) be the second derivative of g**4/3 + g**3/3 - 10*g**2 + 2*g - 47. Give v(-6).
112
Let n be (4 - 50/15)*3. Let c be n - -5 - 10 - 12/1. Let k(q) = q**2 + 14*q - 16. Calculate k(c).
-1
Suppose 3 = -3*z + 6*z + 3*r, -r = -4*z + 14. Suppose 3*m - z*f = 27, -3*m = -7*m + 5*f + 40. Let l(d) = -d - 4. Give l(m).
-9
Let m(k) be the third derivative of 17*k**4/24 - 71*k**3/6 + 1661*k**2. Determine m(4).
-3
Suppose -15*m = -13*m + 5*c - 35, 21 = 3*c. Let i(t) = -t**3 - 4*t**2 - 5*t + 7. Determine i(m).
7
Let h(q) be the first derivative of -3*q**4/4 + q**3/3 - 2*q + 700. Calculate h(2).
-22
Let b(u) = -10*u**2 - 4*u - 3. Let j(l) = -20*l**2 - 7*l - 5. Let w(c) = -7*b(c) + 4*j(c). Let v = 54 - 53. Calculate w(v).
-9
Let g(k) = 126287*k**3 - 126288*k**3 + 14*k + 3*k**2 + 2*k**2 - 4*k**2. Determine g(5).
-30
Let t(q) be the second derivative of -q**5/20 + 5*q**4/6 - 11*q**3/6 + 21*q**2/2 + 1197*q. Calculate t(9).
3
Let i(o) be the first derivative of -20*o + 1/6*o**3 - 11 - o**2. Let v(z) be the first derivative of i(z). Calculate v(2).
0
Suppose 1398*c - 1433*c = 70. Let m(f) = -11*f**2 - 3. What is m(c)?
-47
Let m be 4 - (-52)/26 - 2. Let h(x) = 5*x**2 - 8*x - 8. Determine h(m).
40
Let t(l) = l - 9. Let s be 10087/35 - ((-16)/20 + 1). Suppose 9*r - s = -23*r. Give t(r).
0
Let z(r) be the first derivative of r**4/4 - 4*r**3/3 - 253. Let i(p) = -12 + 7*p**2 + 1 + 2*p**3 + 2*p + 1 - 3*p**3. Let n be i(7). Determine z(n).
0
Let t(w) = 85*w + 84. Let l be t(-1). Let c(k) = 6*k - 4. Let v(r) = r - 1. Suppose -5*h + 2*h + 3 = 0. Let p(m) = h*c(m) - 3*v(m). Calculate p(l).
-4
Let z(a) = -130*a + 110. Let q be z(1). Let k(g) = -g - 15. Calculate k(q).
5
Suppose -173*m - 4176 = m. Let l(f) = f**3 + 26*f**2 + 46*f - 43. Determine l(m).
5
Let b(g) = g - 21. Let t(z) = -5*z - 17. Let q be t(-6). What is b(q)?
-8
Let s(y) be the third derivative of 1/20*y**5 + 0*y - 6 + 11*y**2 - 1/8*y**4 + 0*y**3. Give s(2).
6
Let f(h) = -h**3 + 10*h**2 - 18*h + 15. Let t be f(8). Let a be (t - (-2)/4)*6. Let k be a/21 + 4/28. Let b(p) = p**3 + p**2 + p - 12. Calculate b(k).
-12
Let q(k) be the second derivative of k**6/360 + 7*k**5/120 + 13*k**4/12 + 10*k. Let z(u) be the third derivative of q(u). Let d be 2/5 + (-32)/5. What is z(d)?
-5
Let s(n) = 8*n - 10. Let k be ((17/34)/(3/(-4)))/(1/3). Calculate s(k).
-26
Let d(g) = -15 - 435*g + 221*g - 37 + 212*g + 26. Calculate d(-9).
-8
Let u(o) = -o**2 + 2*o + 16. Let z be 56/140 - 33/(-5). Determine u(z).
-19
Let w be (36/(-30))/((-3)/(-55)). Let v(c) = c + 29. Let o be v(w). Let r(x) = -x**2 + 6*x - 5. Determine r(o).
-12
Let w(b) = b + 2. Let d be 12 + -20 + 0 + 5. Let x be w(d). Let c be x/((2/(-2))/5). Let g(i) = i**3 - 5*i**2 + 1. Calculate g(c).
1
Let m(y) = -y**3 - 8*y**2 - 8*y. Suppose 54 = -2*t - 52. Let f = -49 - t. Suppose q - 9 + 38 = -f*n, 2*q = -3*n - 28. Calculate m(n).
-24
Let n(t) = -19*t**2 - 20*t - 5. Let l(z) = 3*z**2 + 2*z + 3. Let y(k) = 6*l(k) + n(k). Give y(-7).
20
Let i(o) = -4*o**3 - 9*o**2 + 4*o - 49. Let t(m) = 11*m**3 + 23*m**2 - 11*m + 147. Let w(a) = -17*i(a) - 6*t(a). Determine w(-7).
14
Let p(x) = -2*x**3 + 5*x - 2. Suppose 0*u - 2*u + 8 = 5*t, t - u = 3. Give p(t).
-8
Let z(u) = u + 1. Suppose -21 + 25 = -p. Let d(h) = h**2 + 2*h - 5. Let i be d(p). Suppose i*w + 3 = 2*w. Determine z(w).
-2
Suppose 0 = -u - 6 + 1. Let d(a) = -3*a - 8*a + 4 - 12*a + 24*a. Let g be d(u). Let j(k) = -k - 1. Determine j(g).
0
Let i(h) = -h - 2. Let g(r) = -21*r - 6. Let a(q) = g(q) - 4*i(q). Let f = -402 + 404. Give a(f).
-32
Let y(u) be the third derivative of -u**4/6 + 61*u